24133 (base 6) to base 14.
13cd
Convert -41100 (base 6) to base 8.
-12474
What is -10133202 (base 4) in base 3?
-221020120
-1102010121 (base 3) to base 12
-14107
What is -2036 (base 10) in base 4?
-133310
Convert -586 (base 9) to base 5.
-3413
What is -656 (base 9) in base 16?
-219
What is -1021001000 (base 3) in base 2?
-110000011101101
-3727 (base 8) to base 9
-2670
What is -33613 (base 8) in base 15?
-432e
What is -2a412 (base 11) in base 8?
-124121
What is 12202220 (base 3) in base 4?
1001301
Convert 11001 (base 4) to base 6.
1253
What is -101210011 (base 3) in base 9?
-11704
Convert 50 (base 14) to base 2.
1000110
Convert -2a2 (base 12) to base 16.
-19a
Convert -9a1a (base 15) to base 2.
-111111110001010
Convert 21835 (base 10) to base 3.
1002221201
What is -115b (base 14) in base 12?
-18b9
What is -2336 (base 10) in base 11?
-1834
What is 1233 (base 4) in base 11?
a1
122423 (base 5) to base 10
4738
-10212102102 (base 3) to base 9
-125372
Convert -2012322 (base 4) to base 16.
-21ba
Convert 1252 (base 9) to base 15.
428
Convert 5e1 (base 16) to base 14.
797
-1639 (base 14) to base 16
-f83
-355 (base 10) to base 13
-214
What is -21d (base 14) in base 10?
-419
What is 1071 (base 11) in base 14?
729
Convert -130434 (base 7) to base 16.
-5ea7
-36 (base 11) to base 14
-2b
What is 8729 (base 11) in base 3?
120210220
-6d6 (base 14) to base 3
-1212112
30353 (base 7) to base 4
1303130
What is 2223 (base 5) in base 10?
313
What is 1550 (base 6) in base 11?
358
Convert -3422 (base 5) to base 3.
-200001
-31776 (base 9) to base 10
-21048
-32655 (base 7) to base 10
-8223
What is -2e5 (base 16) in base 9?
-1013
What is 1001000 (base 2) in base 15?
4c
Convert 1100032 (base 4) to base 6.
35434
5090 (base 11) to base 10
6754
Convert 98a9 (base 14) to base 9.
40207
1847 (base 9) to base 10
1420
-1222102201 (base 3) to base 13
-14965
Convert -4732 (base 8) to base 10.
-2522
Convert 4332 (base 5) to base 4.
21100
-1aa01 (base 11) to base 9
-44002
-11011000110100 (base 2) to base 9
-21027
What is 1445 (base 6) in base 2?
110000101
What is -214 (base 5) in base 15?
-3e
What is 937 (base 11) in base 2?
10001101001
What is -393 (base 16) in base 10?
-915
What is -86 (base 15) in base 9?
-150
-448 (base 10) to base 15
-1ed
32465 (base 8) to base 7
54466
What is 61627 (base 8) in base 14?
9411
Convert -1102 (base 6) to base 11.
-211
Convert -6720 (base 8) to base 6.
-24212
What is 2533 (base 6) in base 16?
279
-60c5 (base 14) to base 12
-9765
Convert -28c (base 15) to base 5.
-4312
a68 (base 11) to base 12
8b0
5453 (base 9) to base 2
111110110001
Convert -673 (base 8) to base 12.
-30b
What is 33125 (base 10) in base 6?
413205
Convert -166 (base 9) to base 11.
-119
What is 9998 (base 15) in base 4?
13330133
-1000100001011 (base 2) to base 7
-15502
Convert -2996a (base 12) to base 10.
-58402
What is -901 (base 10) in base 9?
-1211
-1327 (base 13) to base 8
-5261
Convert 182 (base 14) to base 3.
102111
What is 8630 (base 12) in base 2?
11100110000100
What is -635 (base 10) in base 3?
-212112
-3242 (base 12) to base 3
-21120112
What is -5466 (base 13) in base 9?
-17100
What is -356a (base 12) in base 11?
-4552
Convert -2364 (base 9) to base 15.
-7c4
-2212122021 (base 3) to base 12
-28907
Convert 26dd (base 15) to base 16.
2074
What is 49 (base 15) in base 3?
2120
58 (base 10) to base 4
322
-34305 (base 6) to base 7
-20120
What is 2665 (base 11) in base 9?
4663
1432 (base 6) to base 3
112002
-1621 (base 10) to base 11
-1244
2812 (base 16) to base 8
24022
Convert -69978 (base 10) to base 8.
-210532
What is a9 (base 12) in base 13?
9c
Convert -adec (base 16) to base 15.
-d2d4
Convert 100113 (base 4) to base 7.
3024
-217 (base 13) to base 15
-18d
What is 5e7 (base 15) in base 14?
6bc
Convert 564 (base 10) to base 5.
4224
What is -2adc (base 15) in base 9?
-13560
1652 (base 14) to base 9
5425
What is -4461 (base 11) in base 12?
-3497
Convert -14875 (base 10) to base 6.
-152511
-28ba (base 13) to base 3
-22002111
-522 (base 11) to base 13
-395
Convert -410 (base 13) to base 3.
-221112
-159 (base 13) to base 10
-243
-313040 (base 6) to base 10
-25296
What is 11 (base 9) in base 14?
a
What is -111121 (base 3) in base 12?
-267
Convert -12855 (base 9) to base 4.
-2020031
What is 2012000221 (base 3) in base 5?
2334121
-3612 (base 12) to base 10
-6062
What is -32203 (base 4) in base 5?
-12211
-721 (base 15) to base 4
-121012
What is 13575 (base 8) in base 14?
2297
Convert 35 (base 12) to base 2.
101001
Convert -543 (base 16) to base 3.
-1211220
What is 10231301 (base 4) in base 12?
b215
What is 111101111011001 (base 2) in base 16?
7bd9
What is 200202 (base 4) in base 7?
6033
-32630 (base 8) to base 2
-11010110011000
1117 (base 14) to base 15
d26
What is 12406 (base 12) in base 10?
24774
-10013 (base 6) to base 3
-1210100
Convert 11012220 (base 3) to base 10.
3075
What is -7af (base 16) in base 7?
-5510
1111011110000100 (base 2) to base 15
13b94
-1100110100100 (base 2) to base 15
-1e29
Convert 100201 (base 3) to base 16.
106
401 (base 16) to base 9
1358
What is 3164 (base 10) in base 9?
4305
-16ae (base 16) to base 12
-343a
30054 (base 8) to base 6
133032
22102 (base 7) to base 10
5539
a754 (base 12) to base 9
27151
Convert -2a4 (base 12) to base 14.
-216
4958 (base 13) to base 5
313012
What is 1201 (base 9) in base 11?
741
What is 4078 (base 9) in base 14?
1135
What is -101112202 (base 3) in base 5?
-221223
-404213 (base 5) to base 8
-31402
-4906 (base 11) to base 2
-1100100010011
-21533 (base 7) to base 5
-133124
Convert -1044 (base 8) to base 3.
-202022
3507 (base 9) to base 10
2599
What is -30231 (base 4) in base 5?
-11223
What is -4550 (base 9) in base 14?
-1326
Convert -20b (base 16) to base 8.
-1013
What is 10111000100 (base 2) in base 9?
2020
1021 (base 7) to base 6
1354
1bc4a (base 13) to base 8
153042
Convert -5600 (base 8) to base 5.
-43234
Convert 52708 (base 9) to base 11.
241a1
-9c (base 14) to base 5
-1023
Convert 10378 (base 9) to base 8.
15333
Convert -707 (base 8) to base 10.
-455
What is 3211 (base 8) in base 13?
9b9
Convert -25526 (base 13) to base 15.
-1568e
Convert -a13 (base 13) to base 3.
-2100012
3845 (base 11) to base 14
1b7c
-8e3 (base 15) to base 11
-1570
What is -46 (base 13) in base 4?
-322
-111102 (base 3) to base 9
-442
-1100101110 (base 2) to base 4
-30232
-115 (base 11) to base 13
-a7
What is 243 (base 8) in base 9?
201
What is 3766 (base 8) in base 15?
90d
Convert -23030 (base 5) to base 13.
-992
Convert 23019 (base 11) to base 8.
101017
Convert -121a (base 11) to base 9.
-2161
-441 (base 15) to base 9
-1277
Convert -12e3 (base 15) to base 2.
-111111000110
-21210 (base 5) to base 2
-10110010110
Convert -26465 (base 8) to base 13.
-5363
Convert 74a (base 15) to base 14.
857
Convert -143141 (base 6) to base 11.
-a2a7
Convert 7508 (base 9) to base 10.
5516
-122002 (base 3) to base 12
-325
What is 4c6 (base 15) in base 2?
10000111110
-124556 (base 7) to base 8
-55343
Convert 1b48 (base 15) to base 9.
8105
What is -3596 (base 10) in base 3?
-11221012
What is 5b4 (base 13) in base 7?
2615
1243432 (base 5) to base 8
60443
Convert 557 (base 14) to base 9.
1404
Convert 310303 (base 5) to base 8.
23536
Convert 21232 (base 5) to base 14.
750
Convert 1100011000001 (base 2) to base 3.
22200201
What is 2419 (base 11) in base 12?
19ba
Convert 2030203 (base 5) to base 12.
1724a
Convert -15446 (base 7) to base 5.
-114341
Convert 11112 (base 7) to base 3.
10211210
Convert 446b (base 14) to base 10.
11855
Convert -21220111 (base 3) to base 9.
-7814
What is -103 (base 12) in base 2?
-10010011
What is a1a (base 16) in base 6?
15550
3001 (base 5) to base 8
570
What is 4260 (base 11) in base 10?
5632
What is 2131310 (base 4) in base 8?
23564
What is -2852 (base 14) in base 7?
-26532
Convert 771 (base 10) to base 5.
11041
Convert 21043 (base 6) to base 5.
42320
Convert 11010001 (base 2) to base 8.
321
-2262 (base 13) to base 10
-4812
Convert 123133 (base 8) to base 4.
22121123
What is -32144 (base 5) in base 13?
-cb3
Convert 2743 (base 10) to base 5.
41433
What is 10022011001 (base 3) in base 4?
33313132
348 (base 16) to base 6
3520
What is 19521 (base 11) in base 3?
1101101012
What is -3143 (base 8) in base 15?
-740
Convert -255320 (base 7) to base 8.
-134607
10421 